306c + -4?
3068
In base 11, what is 2a + -184?
-155
In base 6, what is -3 - -1032?
1025
In base 5, what is 240 - -10?
300
In base 16, what is 4466 - 0?
4466
In base 3, what is 21000210 + 12?
21000222
In base 2, what is 110000000010 - -11?
110000000101
In base 16, what is 3 + -116?
-113
In base 7, what is 0 - 2543?
-2543
In base 12, what is 155 - 3?
152
In base 3, what is 21 + 11?
102
In base 16, what is 0 - -b?
b
In base 10, what is -5 + -237?
-242
In base 8, what is -11 + 5?
-4
In base 8, what is -27 + 20?
-7
In base 16, what is -a4 - 1?
-a5
In base 12, what is 13 + 93?
a6
In base 9, what is -334 + -82?
-426
In base 8, what is 3025 - 4?
3021
In base 11, what is -92a - 4?
-933
In base 12, what is 0 - 2502?
-2502
In base 3, what is 1122 - 1012?
110
In base 12, what is -b - -4?
-7
In base 16, what is -1eb - 0?
-1eb
In base 14, what is -4 + -173?
-177
In base 14, what is 3 - -50d?
512
In base 3, what is 111101 + 10?
111111
In base 2, what is 1001110 + -10?
1001100
In base 12, what is 105 - 6?
bb
In base 12, what is -6 + 135?
12b
In base 5, what is 31 + 4?
40
In base 11, what is -3 + -a3?
-a6
In base 2, what is 10010 + 110001000?
110011010
In base 11, what is 22a4 + 2?
22a6
In base 10, what is 45 - 0?
45
In base 12, what is -4 + -135?
-139
In base 4, what is 1 + -321?
-320
In base 16, what is -11c + 3?
-119
In base 6, what is 2 + 2030?
2032
In base 10, what is 62 - 5?
57
In base 14, what is 2 + 6?
8
In base 12, what is -12 - -16?
4
In base 12, what is 20 + -24?
-4
In base 13, what is -274 - -4?
-270
In base 4, what is 300 + 211?
1111
In base 7, what is -4 + -166?
-203
In base 7, what is -43 + -15?
-61
In base 14, what is -21b - -2?
-219
In base 10, what is -1 - 31?
-32
In base 12, what is 793 - -5?
798
In base 7, what is 12 + -12?
0
In base 4, what is 130 + 101?
231
In base 8, what is 11 + 323?
334
In base 14, what is -1 + -2?
-3
In base 8, what is 35 + 262?
317
In base 11, what is 5 + -1840?
-1836
In base 13, what is 13a + -5?
135
In base 3, what is 22100 - 1?
22022
In base 3, what is -1 + -1?
-2
In base 5, what is -13230 + 3?
-13222
In base 13, what is -3 - 35?
-38
In base 11, what is -1a1 - 116?
-307
In base 15, what is 192 - -c?
19e
In base 4, what is 11 - -22?
33
In base 14, what is -3 + 1c2?
1bd
In base 14, what is -b5 - -9?
-aa
In base 2, what is 110000 + -10001?
11111
In base 10, what is 29 - -496?
525
In base 4, what is -110 + -12020?
-12130
In base 16, what is -b - e?
-19
In base 16, what is f - 2c?
-1d
In base 12, what is 20 + -150?
-130
In base 13, what is a40 + -5?
a38
In base 15, what is -b3 + 2?
-b1
In base 4, what is -2 - 1323210?
-1323212
In base 8, what is 13 - 22?
-7
In base 14, what is -92 - -4?
-8c
In base 4, what is -12 + -3332?
-10010
In base 3, what is -22 + -221022?
-221121
In base 7, what is 21 + -2?
16
In base 11, what is 30 - 53?
-23
In base 8, what is -30 - 7?
-37
In base 2, what is -1110 - 11?
-10001
In base 5, what is -120 - 10?
-130
In base 10, what is -10 + -485?
-495
In base 16, what is -1a - 4?
-1e
In base 6, what is -2 - -53?
51
In base 11, what is -2 - -6a?
68
In base 8, what is -521 + 4?
-515
In base 14, what is 4 - 61?
-5b
In base 12, what is 20 + -1b2?
-192
In base 6, what is 31 - 5?
22
In base 8, what is 163 + -22?
141
In base 8, what is 11423 - -4?
11427
In base 4, what is -11 + -200?
-211
In base 16, what is -5 - d0?
-d5
In base 9, what is 2467 - -5?
2473
In base 10, what is 2 + -106?
-104
In base 5, what is -21310 - 1?
-21311
In base 3, what is -202000 + -10?
-202010
In base 5, what is -1 - 1312?
-1313
In base 9, what is 2347 + 0?
2347
In base 3, what is -1 - 2211?
-2212
In base 15, what is 4 + -79?
-75
In base 4, what is 3112 + 0?
3112
In base 12, what is 81 + -12?
6b
In base 5, what is 33 + 343?
431
In base 2, what is 1011 - 1001?
10
In base 11, what is -1 + -352?
-353
In base 11, what is -4 + 4650?
4647
In base 8, what is 16 - 2?
14
In base 2, what is 1001000101 + -1?
1001000100
In base 14, what is -1a62 + 2?
-1a60
In base 2, what is -100 + -111011110100?
-111011111000
In base 15, what is -1 + -2?
-3
In base 14, what is -1 + -4?
-5
In base 3, what is 10100100 + -12?
10100011
In base 15, what is 1 + -8c5?
-8c4
In base 2, what is 10010001 + -11?
10001110
In base 4, what is -2 - 13?
-21
In base 8, what is 4266 + 1?
4267
In base 12, what is -449 + -13?
-460
In base 8, what is -5 - 363?
-370
In base 15, what is 3 + ba?
bd
In base 15, what is 19 - c7?
-ad
In base 7, what is -11 + -2202?
-2213
In base 14, what is -3 - -163a?
1637
In base 15, what is -69 + 1a?
-4e
In base 4, what is 20203 - -11?
20220
In base 12, what is -415 - 0?
-415
In base 7, what is 20 - -31?
51
In base 5, what is -13 - 121?
-134
In base 6, what is -3 + -30421?
-30424
In base 10, what is 315 + 0?
315
In base 9, what is -3 - -1?
-2
In base 12, what is 6 - 114?
-10a
In base 13, what is 9c + 8?
a7
In base 3, what is -101121 - 1?
-101122
In base 15, what is -a58 + 0?
-a58
In base 8, what is -1 - -17300?
17277
In base 15, what is 2 - -8a5?
8a7
In base 3, what is 0 - -101212?
101212
In base 4, what is 11 + -320?
-303
In base 8, what is -2 - 40?
-42
In base 11, what is -4 + -56?
-5a
In base 13, what is 12 - -4?
16
In base 10, what is 3 + -58?
-55
In base 10, what is 206 + -1?
205
In base 8, what is -1014 + 5?
-1007
In base 10, what is 0 - 1647?
-1647
In base 8, what is -6 + 20?
12
In base 3, what is 11100 + 102?
11202
In base 8, what is -16 + -1025?
-1043
In base 4, what is -20212 + -120?
-20332
In base 3, what is 10122 - -11?
10210
In base 11, what is -197 - -6?
-191
In base 8, what is -2 + 650?
646
In base 15, what is 3 + 86?
89
In base 16, what is -95 - 1c?
-b1
In base 9, what is 26 + -11?
15
In base 10, what is 3 + 699?
702
In base 13, what is 94 - a?
87
In base 5, what is -14 - -222?
203
In base 4, what is 12133 + 1?
12200
In base 5, what is -10 - 322?
-332
In base 3, what is -2 + 12101101?
12101022
In base 9, what is 57 - 5?
52
In base 15, what is -1097 + -5?
-109c
In base 9, what is -348 + -42?
-401
In base 3, what is 20222001 + -11?
20221220
In base 9, what is 41 - 1?
40
In base 6, what is -52 - 2?
-54
In base 10, what is -78 + -4?
-82
In base 6, what is -11 + -1523?
-1534
In base 13, what is -22 - b?
-30
In base 7, what is -4 - 151?
-155
In base 10, what is -3 - -57?
54
In base 15, what is 1 - -81b?
81c
In base 15, what is 22 + -56?
-34
In base 11, what is 1a + -218?
-1a9
In base 2, what is 1000010000 - 110?
1000001010
In base 15, what is -11 + -5?
-16
In base 8, what is 3416 - -4?
3422
In base 13, what is 4b + 4?
52
In base 9, what is 5654 + 0?
5654
In base 8, what is -105 + -45?
-152
In base 4, what is -113 - -3?
-110
In base 15, what is 14 + c?
21
In base 7, what is -3 - 4306?
-4312
In base 15, what is ec6 + -1?
ec5
In base 16, what is 41 + 5?
46
In base 12, what is -7 - -2a?
23
In base 11, what is 11 + 124?
135
In base 9, what is 1 - 41?
-40
In base 8, what is 13 - -7?
22
In base 6, what is 13025 - 1?
13024
In base 7, what is 14 - -134?
151
In base 14, what is -d + -562?
-571
In base 15, what is 9e + -1b?
83
In base 7, what is 3 + 242?
245
In base 4, what is 1132 + -3?
1123
In base 16, what is -a + 8?
-2
In base 16, what is -2 - 9e6?
-9e8
In base 12, what is -13 - 72?
-85
In base 13, what is -6 + 36?
30
In base 2, what is 1010000101001 + 10?
1010000101011
In base 13, what is 3802 + 3?
3805
In base 2, what is -10111 + -100?
-11011
In base 8, what is -11 - 30?
-41
In base 6, what is -4 + 33?
25
In base 15, what is -101 - -1?
-100
In base 16, what is 4 + 14d?
151
In base 5, what is 13120 + -32?
13033
In base 7, what is 5156 - 4?
5152
In base 3, what is -11 - -20021?
20010
In base 10, what is 407 + -2?
405
In base 9, what is 4 - -60?
64
In base 14, what is 7 + -a?
-3
In base 3, what is -11 + -1011?
-1022
In base 13, what is a09 - 1?
a08
In base 13, what is -1518 - -4?
-1514
In base 14, what is -c6 + -6?
-cc
In base 11, what is 2 - -1705?
1707
In base 12, what is -1 + -21?
-22
In base 4, what is 20103 + -1?
20102
In base 2, what is 110011 - -1111?
1000010
In base 12, what is 4183 + 0?
4183
In base 2, what is -101 + 11110?
11001
In base 3, what is 101 - 10022?
-2221
In base 11, what is -1 + -a61?
-a62
In base 10, what is -18 + 7?
-11
In base 10, what is 7737 + -2?
7735
In base 11, what is 46 + 2?
48
In base 3, what is -11 + 2120?
21